= -6*h + 145. Let i be 244/h - (-20)/(-110). What is the greatest common divisor of 4 and i?
2
Suppose 5*u - 1520 = -5*u. Calculate the greatest common divisor of 38 and u.
38
Suppose -145*h + 13248 = -139*h. Calculate the highest common factor of h and 96.
96
Let w(n) = 2*n - 4. Let o be w(7). What is the greatest common divisor of o and 820?
10
Let d = 1215 - 1184. Let z = 27 + 4. Calculate the greatest common factor of z and d.
31
Suppose 3*t - i = 59, 5*i = -t + 45 - 4. Let k = 28 - t. Calculate the highest common factor of k and 63.
7
Suppose 1520 = 8*x - 3*x. Suppose 0 = -2*t - 2*t - x. Let z = -46 - t. Calculate the greatest common factor of 300 and z.
30
Let b(h) = -h**3 + 20*h**2 - 5*h - 42. Let n be b(18). Calculate the highest common divisor of 36 and n.
12
Let n = -3 - -18. Let h be 40*(153/18 + -7). Calculate the greatest common divisor of h and n.
15
Suppose -4*p = -r - 2*p + 131, 0 = -5*r - 4*p + 711. Let g = 419 - r. Suppose 0 = -3*k + 8*k - g. What is the highest common divisor of 7 and k?
7
Let g(q) = 75*q**2 - 1. Let r be g(-1). Let l = r - 58. Calculate the greatest common divisor of l and 16.
16
Let k = 28 - 8. Let j be (-4148)/(-26) + 222/481. Calculate the greatest common divisor of k and j.
20
Let o(b) = -4*b + 61. Let k(v) = v - 15. Let y(g) = -9*k(g) - 2*o(g). Let z be y(-26). Calculate the greatest common factor of z and 13.
13
Suppose 6*y - 3026 = -632. Calculate the greatest common divisor of y and 21.
21
Let m(t) = -19*t - 19. Let y be m(-5). Calculate the highest common factor of y and 19.
19
Let r(b) = 8 - 2 + b - 10. Let d be r(14). What is the highest common factor of d and 10?
10
Let x be 52/(-13) - 1*-11. Suppose 0 = 4*z - x*z + 495. Let u be (-18)/(-4)*10/3. What is the highest common factor of u and z?
15
Let t be (14 - -102) + 0 + 0. What is the highest common divisor of t and 29?
29
Let w(x) = -x**3 + 8*x**2 + 21*x - 1. Let g be w(10). What is the highest common factor of g and 15?
3
Let i be 121/(-8)*-2 + (-108)/432. Calculate the greatest common factor of i and 10.
10
Let b be (0 + 64)*(-7)/56*-20. Let q = -158 + b. Let c = 4 - -4. Calculate the highest common factor of c and q.
2
Let z be (1/2)/(4/144). Let f be (-12)/(-20) - 37/(-5). Let g be 6/f + 90/8. What is the highest common factor of z and g?
6
Suppose -1449 = -34*x + 149. Calculate the greatest common divisor of 188 and x.
47
Let y = 801 + -753. What is the greatest common factor of 168 and y?
24
Let t(c) = -4*c**3 - 3*c**2 - c + 1. Let r be t(-1). Suppose 3*v = -r*v + 396. Suppose 4*l = 2*l + 88. Calculate the greatest common divisor of v and l.
22
Suppose 36 = 4*t - 24. Let d = 5 - 22. Let v = 58 - d. What is the highest common factor of v and t?
15
Suppose 6*g + 77 - 17 = 0. Let m be -5 + 9 - 2*g. Suppose 5*l + t - 13 = 0, -3*l + 4*t + 3 = -14. What is the highest common factor of l and m?
3
Let r be (-2)/(-1) + (-4176)/(-24). Calculate the highest common divisor of r and 48.
16
Suppose 5*b + b = 0. Suppose b = 4*f - 20, -2*g - 2*f - 5 = -g. Let l be (-44)/((-5)/(g/(-6))). What is the greatest common factor of 110 and l?
22
Suppose c + 8 = 3*k - 7, c - 4*k = -20. Suppose 2*l = -m + 40, -m + l + c*l + 25 = 0. What is the highest common divisor of m and 40?
10
Suppose 18*i - 80 = 14*i. Let p = 22 - 2. Calculate the highest common divisor of i and p.
20
Suppose -6 = 4*i - 14. Suppose -6 - 3 = -4*b - 5*f, i = -3*b - 2*f. Let t be b/(-12) + (-658)/(-6). Calculate the highest common factor of 22 and t.
22
Let a(c) = c**3 + 17*c**2 + 17*c + 20. Let o be a(-16). Let v(s) = s**3 + 4*s**2 - 3*s - 2. Let j be v(-3). What is the highest common factor of o and j?
4
Let d be (-2)/(((-4)/8)/1). Suppose -a = s + 26, -3*s - 37 - 65 = d*a. Let r = -23 - a. What is the highest common factor of r and 5?
1
Let f be (2*1)/((-4)/(-10)). Suppose 0 = 3*y - 23 + f. Let j(v) = 155*v + 3452. Let h be j(-22). Calculate the highest common factor of h and y.
6
Suppose 6*c - 3*c + 2 = 5*y, -4*c - 2*y = -6. Let t be ((-9 - -5) + 1)/(c/(-3)). Calculate the greatest common factor of t and 27.
9
Let z be 4743/85 - 1/(-5). Let s(u) be the second derivative of -u**3/6 + 4*u**2 - 2*u. Let q be s(0). Calculate the highest common factor of z and q.
8
Let v be 0/1*2/(-4). Let h = 20 - v. Let k be (9 - ((-4)/6 - -7))*60. What is the highest common divisor of k and h?
20
Let s(g) = -7*g - 81. Suppose z + 24 = 10. Let y be s(z). Suppose -5*t + 4*l + 65 = 0, 0*t - 95 = -5*t - 2*l. What is the highest common divisor of y and t?
17
Let b(y) = y**2 + 16*y + 38. Let g be b(-30). Suppose g + 268 = 2*j. What is the greatest common factor of 33 and j?
33
Let m be 20/11 + 8/44 + 2. Suppose -3*t + m*t - 21 = 0. Calculate the highest common factor of 84 and t.
21
Let i = -78 - -94. What is the highest common factor of 8 and i?
8
Let k be (-5)/2 - 517845/(-190). Calculate the highest common factor of k and 7.
7
Let y(s) = 40*s**2 + 3*s + 2. Let f be y(-1). Calculate the greatest common divisor of 39 and f.
39
Let x(f) = -23*f. Let v be x(-18). Suppose 0 = -35*o + 33*o + v. What is the greatest common divisor of o and 23?
23
Let v = 8 - 3. Suppose 4*q = 5*n + 59, 3*q = -0*n + v*n + 48. Let d(s) = s**2 - s - 14. Let u be d(q). What is the greatest common divisor of u and 12?
12
Let s be (-56)/(-26) - (-32)/(-208). Calculate the greatest common factor of s and 218.
2
Let k(m) = -m**3 - 2*m**2 - m. Let z be k(-2). Suppose 0 = z*u - 3*u + 56. Calculate the greatest common factor of 7 and u.
7
Let y = -21 - -35. Let z(n) = -n**3 + 5*n**2 + 5*n + 10. Let w be z(5). What is the greatest common divisor of w and y?
7
Let h be ((-9)/(-12))/((-2)/(-8)). Suppose 0 = 3*s - 2*p + 1, h*s = -2*p + 6 + 13. Let q be (2 - s)/(3/(-9)). Calculate the greatest common divisor of q and 6.
3
Let y = -18 - -20. Let t(j) = 5 - 3 - 3 - 7*j**2 - 2 + y*j**3. Let a be t(5). Calculate the greatest common divisor of a and 12.
12
Let o(l) = -l**3 - 11*l**2 - 31*l - 5. Let c be o(-7). Let y = -3 + 5. What is the highest common divisor of c and y?
2
Suppose 5*x + 2*c = x + 74, 0 = -4*x + c + 77. Suppose -259 = 3*y - 658. What is the greatest common divisor of x and y?
19
Suppose -36*s + 1547 = -29*s. What is the greatest common factor of 13 and s?
13
Suppose 4*g + b - 17 = 6*b, b = g - 4. Suppose -g*m + 52 = m. Suppose -7 = 10*c - 917. Calculate the greatest common divisor of c and m.
13
Let r be (-17828)/(-108) - (-6)/(-81). What is the highest common divisor of r and 99?
33
Let o be (78/(-72))/(5/(-15))*12. Calculate the greatest common factor of o and 429.
39
Let p(d) = -2*d + 19. Let o be p(7). Suppose -o*a - 2 = -4*l, -5*l = -a - 8 - 5. What is the greatest common factor of l and 27?
3
Let t = -25 - -30. Suppose 1 = -6*l + t*l. Let c be l/(-4)*52/13. Calculate the greatest common divisor of 11 and c.
1
Let o be 612/20 - 6/10. Let h be (-4)/(3*(-4)/6) + 4. Calculate the greatest common divisor of h and o.
6
Let t = 2083 + -1966. Calculate the greatest common factor of 18 and t.
9
Let y be -5 - ((-4)/4 + -2). Let w be 1/y + 105/14. Suppose q + w*b - 3*b - 15 = 0, -5*q - b = -56. What is the highest common factor of q and 11?
11
Let a be (-2)/(-11) - (2 + 6192/(-66)). Let g = a - -116. Suppose -h = -1, -4*h = 6*r - r - 134. Calculate the greatest common factor of r and g.
26
Let t = 785 + -701. Suppose 4*o + 4*x - 1 = 7, -x = -5*o + 28. Suppose o*a - 37 = 23. Calculate the greatest common divisor of t and a.
12
Let s be (24/(-10))/((-16)/1220). Calculate the highest common factor of 6 and s.
3
Suppose -2*j = -54 - 54. What is the highest common divisor of 18 and j?
18
Let f(d) = -56*d + 44. Let o be f(-5). Calculate the greatest common factor of o and 24.
12
Suppose -10*m + 11*m - 40 = 0. Suppose -m = -5*f + 5*s, -3*f + 6*f + 6 = -3*s. Calculate the highest common factor of f and 9.
3
Let b(k) = 2*k**2 + 18*k + 16. Let p be b(-11). Let o(n) = -7*n + 5. Let i be o(-5). Calculate the greatest common factor of p and i.
20
Suppose 5*j - 128 = 3*k, -100 = -4*j - 2*k + 5*k. Calculate the highest common divisor of 868 and j.
28
Let r = -20 - -27. Suppose 3*l - r*l - 20 = -2*t, 25 = -t - 5*l. Suppose t = q - 2*q + 68. What is the highest common factor of q and 17?
17
Let s(j) = 7*j - 1. Let h be s(3). Let l be -2 + 0 + -16 + h. Let 